inder when l is divided by 6.
5
Let c(r) = -r**2 + 23*r - 73. Let f = -368 + 374. Calculate the remainder when 463 is divided by c(f).
28
Suppose 416 = -5*i - 2*c, 3*i + 212 = -2*c - 36. Let h = 101 + i. Calculate the remainder when h is divided by 2.
1
Suppose -5*m = -g - 6095, -3*m = 3*g - 168 - 3489. What is the remainder when m is divided by 35?
29
Let y(c) = 26*c - 6. Let x(a) = -85*a - 275. What is the remainder when x(-7) is divided by y(2)?
44
Suppose -107*h + 112*h - 4646 = 3*u, 4*u + 936 = h. What is the remainder when h is divided by 49?
46
Let m = 3471 - 3136. Calculate the remainder when m is divided by 38.
31
Let l(r) = r**3 - 34*r + 11 + 9*r + 33*r - 20*r**2 - 77*r. Calculate the remainder when 57 is divided by l(23).
2
Let x be 7*-1*240/(-28). Suppose 3*s + 5*u = 7 + x, -2*u = -10. Let d = 1157 - 1105. Calculate the remainder when d is divided by s.
10
Suppose 4*i - 228 = -5*u + 2*i, 0 = 2*u - 5*i - 97. What is the remainder when u is divided by (10/(-35))/(4 - (-843)/(-210))?
6
Let t = 121 + -75. Suppose -4*b + t = -3*b. Suppose -f + b = 4*f - u, 5*u - 20 = 0. What is the remainder when 89 is divided by f?
9
What is the remainder when (-19270)/(-369) - (0 - 2) - 8/36 is divided by (6*15)/3 + -2?
26
Let t(o) be the second derivative of o**3/6 - 2*o**2 + 13*o. Let h be t(9). Suppose -h*u + 17 = -108. What is the remainder when 49 is divided by u?
24
Let b(s) = 26*s - 6. Let o(q) = q**2 - 18*q - 33. Let i be o(17). Let y = i - -67. What is the remainder when b(6) is divided by y?
14
Suppose -9*k = k - 1280. Suppose 2*a + l = 6*a - k, -35 = -a + l. What is the remainder when 59 is divided by a?
28
Let x(d) = 32*d + 18. Let u be x(18). Suppose u = 5*h - g, -5*g + 2*g = h - 122. Calculate the remainder when h is divided by 30.
29
Let o = 178 + -150. Let i = 10 + o. Suppose -4*d + 6*d = i. What is the remainder when 34 is divided by d?
15
Suppose 4*f = 7*f, -5*k - 3*f = -15. Suppose -k*v = -9*v + 492. What is the remainder when v is divided by -3 + 2 - (-2 - 41)?
40
Let u(s) = -10*s + 31. Let g(b) = -b. Let l(m) = 2*g(m) - u(m). Let o = 12 - 4. What is the remainder when l(o) is divided by 6?
3
Let u(f) = -11*f - 24. Let o be u(-5). Let b = 76 - o. Let h(c) = c**2 + 3*c - 2. What is the remainder when b is divided by h(-6)?
13
Suppose -2*d + 1105 = 3*d. Suppose 17*a - 6*a - 150 = 5*a. Calculate the remainder when d is divided by a.
21
Let j(t) = -2*t**2 - 2*t + 6. Let l be j(-3). Let b be (l/(-4) + -1)/((-1)/(-14)). Suppose 15*h - 88 = b*h. Calculate the remainder when 40 is divided by h.
7
Let q = -1272 + 1296. Let w = -35 - -103. What is the remainder when w is divided by q?
20
Calculate the remainder when 2510 is divided by ((-2353)/(-5) + (-54)/(-135))*2/6.
155
Let i be (-687)/(-12) - 2/8. Let d = i - 41. Calculate the remainder when d is divided by (((-720)/25)/12)/((-34)/85).
4
Let g(i) = i - 5. Let o be g(-8). Let u(p) = -p**3 - 12*p**2 + 2*p - 8. What is the remainder when u(o) is divided by 35?
30
Let o(d) = -9*d**2 - 320*d - 27. What is the remainder when 1032 is divided by o(-35)?
144
Let d(i) = 13*i**3 + 3*i**2 + 2*i - 4. What is the remainder when 2 + 16/(-6) + 6864/36 is divided by d(1)?
8
Suppose -2*j + 12*b = 8*b - 214, -12 = 3*b. Let h = 91 + -52. Suppose -5 + h = u. What is the remainder when j is divided by u?
31
Suppose g + 8*g - 549 = 0. Let j be -5*-1*(-52)/5. Let r = g + j. Calculate the remainder when 44 is divided by r.
8
Let s(x) = x**3 - 12*x**2 + 1. Let a be s(12). Let f be (-6 - -1 - -3 - 0) + a. What is the remainder when 33 is divided by (25 + -23)/(f - 22/(-18))?
6
Let v be (33/(-22))/((-532)/(-136) + -4). What is the remainder when v + -19 + (-1 - -125) - -3 is divided by 60?
5
Suppose -1093 = -9*o + 644. Suppose j - o = 400. What is the remainder when j is divided by 66?
65
Let y(d) = d**3 - 43*d + 4. Calculate the remainder when 803 is divided by y(-6).
21
Suppose -4*c + a = 57, -3*c = -3*a + 6 + 30. Calculate the remainder when (-986)/(-14) + c/35 is divided by 8.
6
Suppose -2*x - t + 5 + 4 = 0, -2*x - 2*t = -10. Let f be -3 - (-93)/33 - 18/22. What is the remainder when (f - -7)/(87/116) is divided by x?
0
Suppose 9*d - 36 = 6*d. Suppose -i + 167 = 4*q - 261, -d = -3*i. Let a = q - 69. Calculate the remainder when 71 is divided by a.
34
Suppose 103 = -5*l + 3*q, -2*q - 2*q = -3*l - 64. What is the remainder when (-1194)/(-6)*(-4 - l/4) is divided by 50?
49
Suppose -4*g + 190 = -5*p + 62, 3*g - 123 = -3*p. Let l(b) = -b - 1. What is the remainder when g is divided by l(-5)?
1
What is the remainder when 1805 is divided by 57348/4071 - (-2)/(-23)?
13
Let x be -2 + 3/1 + 1. Suppose 4*r + 26*r - 1832 = -152. What is the remainder when 1 - (x + (-223)/1) is divided by r?
54
Let j be ((-66)/(-8))/(-1 + (-15)/(-12)). Let k(z) = -4 + 30*z**2 + j*z**2 - 7*z + 2*z. What is the remainder when k(-1) is divided by 17?
13
Let x(y) = y**3 + 5*y**2 - y - 3. Let h be x(-5). Suppose -d - 5*c = -40, d + 12*c = 16*c + 4. What is the remainder when d is divided by 15/h - 5/10?
6
Let u(d) = d**2 + 17*d + 90. Let p be u(-11). Suppose -5*k - f + p = -3*k, -k + 4*f = -30. Calculate the remainder when 319 is divided by k.
11
Let y = 653 - 641. Calculate the remainder when 1212 is divided by y.
0
Let j be 5196/10 - (-12)/30. Let c = -439 + j. Suppose 0 = 4*g + 4, 4*g = -3*u + 20 + 60. What is the remainder when c is divided by u?
25
Let d = -63 - -68. Let n(f) = f + 9. Calculate the remainder when n(d) is divided by 8.
6
Suppose 5*o = -n + 423, 5*o - 160 = 3*o - 5*n. Let x(b) = -94*b + 3500. What is the remainder when o is divided by x(37)?
19
Let b = -518 - -528. Calculate the remainder when 46 is divided by ((-18)/(-10))/(2/b).
1
What is the remainder when 328 is divided by ((-18)/21)/((-60)/630)?
4
Calculate the remainder when 270 is divided by (-10)/5*9*28/(-24).
18
Let r(f) = f**3 + f**2. Let g be r(1). Suppose 0*z + z - 307 = 5*c, -2*c + 614 = g*z. What is the remainder when z is divided by 28?
27
Calculate the remainder when 206 is divided by (24/32 - (405/(-20) - -1))/2.
6
Let b = -6 + -3. Let m = 8 - b. Calculate the remainder when (12/6)/((-4)/(-66)) is divided by m.
16
Let y(z) = z**2 + 40*z + 109. Let c be y(-37). What is the remainder when 460 is divided by (c - (-4)/6*1)*-12?
12
Let d(x) = 5*x**2 + 126*x - 2053. Calculate the remainder when d(15) is divided by 161.
157
Let n be 8/(-56) - (-44)/14. Suppose -1063 = -4*l - 3*f, n*f + 71 = l - 206. Calculate the remainder when l is divided by 13.
8
Let u be (0/(3 + 2))/(-1). Suppose u = -15*k + 17*k + 74. Let p = -7 - k. What is the remainder when 148 is divided by p?
28
Let x be 14/5 - (-44)/(-55). Suppose -4 = -2*t, -2*n + n - x = -3*t. Suppose 356 = n*y - 0*y. What is the remainder when y is divided by 6?
5
Suppose 4*s = 56*s - 20*s - 13568. What is the remainder when s is divided by 126?
46
Let v(q) = -976*q - 1. Let a be v(-1). Let r be ((-6)/10*-4)/((-30)/a). Let k = 108 + r. Calculate the remainder when 119 is divided by k.
29
Let z(y) = -8*y**3 - 14*y**2 + 4*y - 12. What is the remainder when 1862 is divided by z(-5)?
8
Let q(f) be the second derivative of -f**4/12 + 10*f**3/3 - 85*f**2/2 + 166*f. Calculate the remainder when 13 is divided by q(12).
2
Suppose -2*p + 222 = 4*n, 2*p - 5*n - 118 = 86. Let l(v) = -v - 3. Let m be l(-6). Suppose 0 = 6*g - m*g - 108. Calculate the remainder when p is divided by g.
35
Suppose 2*v = 5*n + 2216, 3*n = 4*v - 0*v - 4404. Suppose 2*c + 123 = 59*d - 54*d, 4*c = -d + 29. What is the remainder when v is divided by d?
23
Suppose 4*b + 39 = 99. Let z(o) = 104*o + 1. Let h be z(1). Suppose -f + b = -5*j - 6, -5*f - 5*j = -h. Calculate the remainder when f is divided by 15.
6
Let c = 16 + -11. Let d = -3 + c. Let h = 561 + -546. What is the remainder when h is divided by d?
1
Let t(a) = 19*a**3 + 14*a**2 - 22*a + 5. Calculate the remainder when t(3) is divided by 184.
26
Let x be (-4)/(-1)*1 - (-215 + 0). Let m = x - 61. What is the remainder when m is divided by 20?
18
Let u(z) = z**2 - 30*z + 31. Let y be u(29). Suppose y*q + 2*x = -2*x + 186, -3*q + 259 = 2*x. Calculate the remainder when q is divided by 21.
20
Let p(g) = -429*g**3 - g. Suppose -36*s + 41*s - 2*i - 101 - 67 = 0, -4*i + 24 = 0. What is the remainder wh